. Calculate f(k).
1
Let l(u) be the second derivative of -u**3/6 - 11*u**2/2 - 15*u. Suppose 6*z + 20 = -16. Calculate l(z).
-5
Let j(k) = 5 - 2*k - 3 + 3*k. Let o = -24 + 17. Calculate j(o).
-5
Let g = 296 + -301. Let r(c) = c**3 + 5*c**2 - c + 3. What is r(g)?
8
Let d(s) = s - 3. Let y(n) = -1. Let t(g) = 3*d(g) - 5*y(g). Suppose 3*k - 9 = -4*q, -q + 3*k + 12 = 2*q. What is t(q)?
5
Let a = 2 - 2. Suppose 13 + 3 = -4*h, a = 2*t + h - 2. Let z(c) = c**3 - 6 - 2*c**2 + 6 + 4 - 5*c. Determine z(t).
-2
Let w(f) = 23*f**3 - f - 1. Let q = 24 - 20. Suppose 2 = 3*o - 8*o + 3*h, 0 = -4*h - q. What is w(o)?
-23
Let v(y) = -1 - 76*y + 77*y - y**3 - 4. Let w be (-4)/10 - (-106)/(-10). Let a = 11 + w. What is v(a)?
-5
Let w(n) be the third derivative of n**6/60 - n**5/60 + n**3/6 - 56*n**2 - 2*n. Let v be -2 - ((-4)/2 + 2). Determine w(v).
-19
Let l(j) = -j**3 - 3*j**2 + 7*j + 7. Let a = -560 - -555. Calculate l(a).
22
Suppose -5*f - 10 = 0, 3*f + 0 + 3 = -3*a. Let n(b) = 5*b - 11. Let i be n(3). Let x(s) = 3*s**2 - 3*s**2 - i*s**2. Determine x(a).
-4
Suppose 3*j - 5*i = -11, -j + 2*i + 2*i = -1. Let b = 2 - j. Suppose 3*z - 6 - b = 0. Let r(o) = o**2 - 3*o - 6. Give r(z).
4
Let q be (1/(-2))/(9/(-6))*12. Suppose 3*s = q + 14. Let j(z) = -z**3 + 7*z**2 - 5*z - 8. Determine j(s).
-2
Let n(a) be the first derivative of -a**6/120 + a**5/10 - a**4/12 + 5*a**3/6 + 5*a**2 - 3. Let d(r) be the second derivative of n(r). Give d(6).
-7
Let z(p) = -3*p**2 - 3*p + 2. Suppose -5*a - 3*d = 18, 5*a + 111 = -5*d + 91. Calculate z(a).
-16
Suppose -6*l + 0 = -12. Suppose -2*r = 5*c + 12, -4*c - 14 = l*r - 4. Let x(p) = 5*p + 3. Give x(c).
-7
Let u = -4126 - -4130. Let n(i) = -i**3 + 4*i**2 - 6*i + 3. Let q(f) = -3*f**3 + 8*f**2 + 0*f**3 + f**3 + 6 - 13*f. Let z(h) = 9*n(h) - 4*q(h). Give z(u).
-5
Let u = 183 + -178. Let t(n) = -2*n - 5. Calculate t(u).
-15
Let t(v) = -v + 13. Let g = 630 - 620. Determine t(g).
3
Let v(q) = -q - 3. Let z be v(-6). Suppose 6 = 2*w, -2*n = w + z*w - 16. Let a(o) = -16*o**2 + 0 - 2*o + 0 + 15*o**n. What is a(-3)?
-3
Let z(j) = -j**2 + 9*j - 9. Let o be 8/16*(17 - 1). Let w(g) = 7*g - 20. Let c be w(o). Let h = -30 + c. Give z(h).
9
Let x(f) = -f**2 - 2*f + 6. Let h(y) = -6*y**2 - 14*y + 29. Let r(z) = -2*h(z) + 11*x(z). Give r(-3).
-1
Let o(g) = 2*g + 5. Let b be 2/(-7) - (-37)/7. Let j = 29 - 30. Let m be (b/1)/(-2 - j). What is o(m)?
-5
Let f = -33 - -23. Let o be 15/(-25) - (-194)/f. Let n = -17 - o. Let u(h) = h**3 - 5*h + 3. Determine u(n).
15
Let k be 2/4 + 3/6. Let v(r) be the second derivative of r**8/2240 + r**7/2520 + 7*r**4/12 - 6*r. Let n(j) be the third derivative of v(j). Calculate n(k).
4
Let g(b) = -b**2 - 5*b + 2. Let l(k) = -k**3 - k**2 - k - 3. Let a be l(-2). Calculate g(a).
-22
Let x(y) = -y**3 + y**2 + 4*y + 3. Suppose d - 335 = -337. Calculate x(d).
7
Let p be (-4)/(-14) + (-88)/14. Let f be (p/(-4))/(-3)*6. Let g(u) = -u - 3. Determine g(f).
0
Let w(l) = -11*l**3 - 17*l**2 - 11. Let j(s) be the second derivative of -s**5/4 - 2*s**4/3 - 5*s**2/2 + 20*s. Let d(i) = 13*j(i) - 6*w(i). Determine d(1).
0
Let f(t) be the first derivative of t**5/20 - t**4/2 + t**3/2 + 2*t**2 - 4*t - 22. Let k(m) be the first derivative of f(m). Give k(5).
-6
Let k(r) be the third derivative of -r**5/30 - r**4/6 + r**3/6 + 42*r**2. What is k(-4)?
-15
Let r(h) = 5*h**2 - 36*h - 1. Let d = 1246 + -1239. Calculate r(d).
-8
Suppose 12*s - 1156 = -148. Let n = -81 + s. Let q(l) be the second derivative of -l**5/20 + l**4/3 - 2*l**3/3 - l. What is q(n)?
-3
Let g(b) = 22*b + 1. Suppose -4*c = -4*l + 12, -6*l + l = -3*c - 11. Give g(c).
-43
Let c(r) = -r**2 + 11*r + 15. Let z be ((-54)/21 - -2)*-21. What is c(z)?
3
Let r(g) be the first derivative of 5*g**3/3 + 3*g**2/2 - g - 296. Suppose 4 = 2*t - 2*v, 2*t - 1 = 3*v + 3. Give r(t).
25
Let v = -1 + -6. Let p be 0 - v/(21/12). Suppose -t = 4*u - 6*t - 5, p*u - 29 = -3*t. Let n(q) = 3*q - 6. What is n(u)?
9
Let w be 64/(-14) - 15/35. Suppose b - 1 = 1. Let h(o) = 0 + 2*o**3 - o**3 - 4 - o + 2*o**b + 3*o**2. What is h(w)?
1
Suppose 0 = -3*a - 4*q + 6 + 1, -2*a = q + 2. Let b(o) = 6*o - 3. Calculate b(a).
-21
Let j(k) = 9*k - 266 + 262 - 2*k. Calculate j(4).
24
Suppose 5*u + 12 = -2*s, 5*s - 4*u - 20 = 4*s. Let p(t) = t - 8. Let j be (0 - 0) + (-3 - -9). Let c(a) = 1. Let z(b) = j*c(b) + p(b). What is z(s)?
2
Let k(d) = -d**3 - 5*d**2 + 6*d + 8. Suppose -6*c + 10*c - 72 = 0. Suppose 2*f = -c + 6. Calculate k(f).
8
Let g(m) be the first derivative of -m**4/12 - m**3/3 + m**2 + m + 2. Let u(n) be the first derivative of g(n). Suppose -8*h - 33 = 3*h. Determine u(h).
-1
Let f = 12 + -7. Let a(l) be the first derivative of l**3/3 - l**2 - 6*l + 274. What is a(f)?
9
Let y(w) = 5 + 4*w + 16 + 4 - 14*w**2 - 26 - 1. What is y(2)?
-50
Let p(g) = -3*g**2 - 3*g - 2. Suppose 2*n = 2*x + 10, -5*x + 25 = 5*n - 9*x. Let w(y) = y**2 + y + 1. Let h(i) = n*w(i) + 2*p(i). What is h(-5)?
-19
Let y(r) = r**2 + 5*r + 1. Suppose 0 = -5*o + 2*v + v - 42, -5*v = o - 14. Determine y(o).
7
Let j be 114/22 - (-4)/(-22). Suppose -j*k = 2*q - 15, 0 = -4*k - 4 - 8. Suppose 5*b = -q, l - 2*l - b - 7 = 0. Let w(x) = x + 4. Calculate w(l).
0
Let n be (75/(-300))/(1/36). Let y(o) = o**2 + 9*o + 8. Calculate y(n).
8
Let a(r) = -3*r**2 + r. Let k(d) = -d**2 + 23*d + 15. Let s be k(23). Let y = 6 + -9. Let n be 2/y - 5/s. Determine a(n).
-4
Suppose 16*o = 11*o + 35. Suppose -o*r = -2*r. Let f(l) = 0*l + l - 7 + r*l. Calculate f(5).
-2
Let g be (-4)/(-8)*-5*-8. Let t be 1/((g/8)/5). Let f(w) = 1 - 3*w - 3 + w**t + 4 + 1. Determine f(3).
3
Let g(u) = -14*u + 46. Let v be g(3). Let j(b) = b**3 - 5*b**2 + 2. Calculate j(v).
-14
Let n(g) be the second derivative of -g**5/20 - g**4/3 + g**3/2 - 5*g**2/2 - 2*g + 9. What is n(-5)?
5
Let a = -28 + 43. Let i(m) = -10 + m - a + 19. Give i(3).
-3
Let v(x) be the third derivative of 1/12*x**5 - 18*x**2 - 1/6*x**3 + 0*x**4 + 1/120*x**6 + 0*x + 0. Determine v(-5).
-1
Let s(j) be the first derivative of -2*j**3/3 - 3*j**2/2 - 2*j + 36. Determine s(-2).
-4
Let x = -7 - -10. Suppose 0 = -2*r + x - 15. Let u(m) be the first derivative of m**3/3 + 3*m**2 + 206. What is u(r)?
0
Let v(o) = -4*o**3 - 5*o**2 + 14*o - 8. Let l(r) = r**3 - r**2 - 2*r - 1. Let j(t) = -3*l(t) - v(t). What is j(-9)?
2
Suppose -5*t = 35 + 10. Let q(x) = 3*x - 3. Let y(g) = 2*g. Let p(k) = -q(k) + 2*y(k). Determine p(t).
-6
Suppose 9 = -3*o - 3*t, 4*o - 3 = -o + t. Suppose o = -4*v - u - 0*u, 0 = -u. Suppose v = -7*x + 7. Let h(b) = -3*b**3 - b**2 + b. Determine h(x).
-3
Let m(q) = -q**2 + 2*q - 7. Let h be (1 - 3)/(28/350*-5). Determine m(h).
-22
Let i(u) be the second derivative of u**7/2520 - u**6/72 + 13*u**5/120 + 5*u**4/4 - 11*u. Let f(a) be the third derivative of i(a). Determine f(9).
4
Let b(z) be the first derivative of 6*z + 5/2*z**2 + 8 + 1/3*z**3. What is b(-5)?
6
Suppose 49 = -9*k + 67. Let u(x) = -x**3 + 4*x**2 - 3*x + 3. What is u(k)?
5
Let f(p) be the second derivative of -p**3/6 - 3*p**2 + 82*p. Give f(-5).
-1
Suppose 2*i + 2 = 4. Let q(b) = i - b**3 + 0 + 12*b**3. Let g = 187 + -188. Determine q(g).
-10
Let d(z) = -2*z**2 + 12*z - 3. Suppose -379*h + 365*h = -70. What is d(h)?
7
Let f(n) be the first derivative of -n**3/3 + 3*n**2/2 + n - 175. Determine f(-2).
-9
Suppose -5*m = -4 + 14. Let s(u) = -3*u - 11. Let f(o) = o + 5. Let n(j) = m*s(j) - 5*f(j). What is n(8)?
5
Let r(z) = -2*z - 6. Let m(t) = -t**3 - t + 8. Let h be m(2). Give r(h).
-2
Let x be 10 - ((1 - 1) + -2). Let f = -7 + x. Let w(q) = 2*q**3 - 8*q + 5*q - f*q**2 + 4*q**2 + 3. What is w(2)?
9
Let u(j) = -j**2 - 31*j + 61. Let r be u(2). Let m(p) = p + 1. Let t(v) = 2*v + 1. Let y(s) = -m(s) + t(s). Give y(r).
-5
Let j(w) = -w**3 - 6*w**2 - 6*w + 7. Let f = -215 - -210. Determine j(f).
12
Let b(c) = -c**2 - 6*c - 40 + 8 + 9 + 14. Suppose -5*u - 30 = -8*w + 3*w, 5*u - 3*w = -30. Give b(u).
-9
Suppose 2*l - v - 1 = 0, -4*l + 4*v + 1 = -3. Suppose k - 2*u + 14 = l, -35 = -2*k + 7*k - 3*u. Let c(b) = 5*b + 3. Give c(k).
-17
Let n(w) = -w**2 + 6. Let t be (-80)/32*3*-2. Suppose t*j - 5*j - 30 = 0. Determine n(j).
-3
Let v(n) = -12*n**2 + n + 1. Suppose -2*y + 2*o + 6 = 0, -2*y + 5*o = y - 5. Suppose y = q + 6. Determine v(q).
-12
Suppose -11*z = -m - 7*z - 